late the highest common factor of 8 and s.
8
Suppose 4*w + 86 = 3*x - 0*x, 76 = 3*x - 2*w. Suppose 4*l = 6 + x. Let g be (-1 - 0)/(-1)*l. Calculate the highest common factor of g and 7.
7
Suppose -5*v - 5*f + 225 = 0, -2*v + 69 = -0*f - 5*f. What is the greatest common divisor of 231 and v?
21
Suppose -17*z + 345 = -14*z - 3*k, 4*z - 436 = -4*k. What is the highest common factor of z and 32?
16
Let i(o) = 52*o - 801. Let v be i(16). Let b = 58 - 27. What is the greatest common divisor of b and v?
31
Let i be 1 + (-3 - 0/2). Let f be (i - -6) + -2 + 0. Suppose d = -f*x + 19, d - 19 = 4*x + 18. Calculate the highest common divisor of d and 5.
5
Suppose -5*t + 413 = 3*i + 133, -t = i - 56. What is the greatest common divisor of 7 and t?
7
Let x(s) = -3*s**3 + 33*s**2 + 14*s + 29. Let q be x(10). What is the highest common divisor of q and 67?
67
Let b = 2042 - 1951. Calculate the greatest common divisor of b and 49.
7
Let s(n) = n**2 - n + 13. Let w = 2 + -2. Let p be s(w). Let f be 11 + 0 + (0 - -2). What is the highest common divisor of f and p?
13
Let s = 10 + 2. Suppose -4*l + l = -7*l. Suppose 7*y - 252 = -l*y. Calculate the highest common divisor of y and s.
12
Let r = -16 - -20. Suppose 2*t = 6 - r. Let s = 3 + -1. What is the highest common factor of s and t?
1
Suppose -3*s = -2*v - 673, 3*s + s = -v + 901. Let b(w) = 7*w**2 + 12*w - 9. Let c be b(3). Calculate the highest common divisor of c and s.
45
Suppose 7*s - s - 12 = 0. Suppose -s*w = 8, -2*j - 3*w + 76 = -2*w. Suppose m + 0*m = j. What is the highest common divisor of m and 10?
10
Suppose -31*m + 20 = -26*m. Suppose 0 = m*w + 8 - 48. Calculate the highest common divisor of 5 and w.
5
Suppose 816 = 224*s - 221*s. What is the greatest common divisor of 16 and s?
16
Let j(q) = q**2 + 2*q + 2. Let l be j(-4). Let b be ((-28)/l)/(7/(-70)). Let f = -129 - -353. What is the greatest common factor of f and b?
28
Suppose -1034 = -4*o + 2*a, 2*a - 4*a = -3*o + 773. What is the highest common divisor of o and 145?
29
Suppose 0 = -2426*u + 2434*u - 240. What is the greatest common factor of u and 165?
15
Let p(l) = 2*l + 542. Let g be p(-18). What is the greatest common factor of g and 44?
22
Suppose 67 - 10 = 5*l + 4*m, -4*l - 4*m = -48. Calculate the greatest common divisor of 144 and l.
9
Let t(s) = 5*s - 41. Let y be t(10). Let m be ((-2)/6 + (-15)/y)*-7. Calculate the highest common divisor of 98 and m.
14
Let q(l) = -93*l**3 + 6*l + 3. Let r be q(-2). Suppose -8*d - r = -15*d. What is the highest common factor of d and 15?
15
Let m be -2 - (-2)/(2/7). Let x(z) = 16*z - 16*z + 10*z**2. Let h be x(-2). What is the greatest common factor of h and m?
5
Let o(v) = -2*v**2 - 49*v + 70. Let k be o(-13). Calculate the highest common factor of 164 and k.
41
Let n be (0 - 3987/(-12)) + 12/16. Calculate the highest common divisor of n and 37.
37
Let d be -1 + 2*5225/22. Calculate the highest common factor of 6 and d.
6
Let a = -9 - -13. Let r be (a/(-4) + 1)/2. Suppose 5*n + 54 - 204 = r. What is the greatest common divisor of 12 and n?
6
Suppose 0 = -5*w - 10, -n - 3*w + 160 = -202. What is the greatest common divisor of n and 16?
16
Let y be 4*(-1)/((-1)/1). Suppose 66 = h + 3*l + 16, -5*l = 4*h - 179. Suppose y*n - 305 = -h. Calculate the highest common factor of n and 11.
11
Suppose 4*t + 1 = -3*c - 2, 15 = -5*t. Let u(d) = d**3 + 6*d**2 + 3. Let q be u(-6). What is the greatest common divisor of q and c?
3
Let o be (49/5 - 7)*5. Calculate the greatest common divisor of o and 4.
2
Let a be (1 + 1)/((-21)/(-420)). What is the greatest common factor of 32 and a?
8
Suppose -5*q = -r + 13 + 9, 12 = -3*q. Suppose 2*c = -r*m + 48, -m - m - 3*c = -52. Suppose -3*o + 6 = -0. What is the greatest common factor of o and m?
2
Let w(c) = 0*c**3 + c**3 + 2*c**2 - 1 + 2*c**3. Let n be w(-2). Let y = 5 - n. What is the greatest common divisor of y and 2?
2
Suppose -183 + 39 = -8*t. What is the highest common divisor of t and 36?
18
Suppose 5*t = 3*c - 18, 2*t = -4*c + 30 - 6. Let k(v) = -6 + 10 + c*v - 5*v**2 + 4*v**2 + 2*v. Let n be k(7). Calculate the highest common divisor of 99 and n.
11
Suppose 0 = 9*x - 30*x + 4305. What is the greatest common factor of 82 and x?
41
Let g(d) be the third derivative of -d**5/60 - d**4/8 + 2*d**3/3 + 8*d**2. Let m be g(0). Calculate the highest common divisor of 4 and m.
4
Let g(o) = 2*o**2 - 18*o + 22. Let n be g(7). Let y(q) = -2*q + 58. Let f be y(n). What is the highest common factor of 20 and f?
10
Suppose 98*x - 352 = 10*x. What is the greatest common divisor of x and 8?
4
Suppose 260 = y + 4*y. Suppose y = m + 5*n, -n = -1 - 4. Let a be ((-2)/4)/(4/(-648)). Calculate the highest common factor of m and a.
27
Let u(l) = 15*l**3 - 3*l**2 + l + 1. Let i(v) = -v**3 - 10*v**2 - 17*v - 7. Let j be i(-8). Let s be u(j). What is the greatest common divisor of 56 and s?
14
Let w be (-54)/(-8) + (-2)/(-8). Let m(i) be the first derivative of -i**2/2 + 11*i - 38. Let r be m(w). What is the highest common factor of r and 10?
2
Let f(y) = -54*y + 3. Let w be 1/4 + 13/(-4). Let i be f(w). Let r(p) = -3*p**3 - 2*p**2 - 1. Let b be r(-2). What is the greatest common divisor of b and i?
15
Let l = 129 + -124. Let f be 1*42 - (-5 - -2). What is the highest common divisor of l and f?
5
Suppose 6*a - 116 = 2*a. Let m be (-8 - -6)*1*(-812)/8. What is the highest common divisor of a and m?
29
Let j(p) = -2*p - 11. Let c be j(-7). Suppose -4*y - 160 - 88 = -3*x, c*y = -6. Suppose 2*h + 3*h - x = 0. Calculate the greatest common factor of h and 2.
2
Suppose 1050 - 3349 = -19*x. What is the highest common divisor of x and 33?
11
Let b = -7 - -13. Let i(n) = n**3 + 6*n**2 + 39*n + 142. Let o be i(-4). What is the greatest common divisor of o and b?
6
Let v be -42*(-1 - (-52)/(-12)). What is the greatest common divisor of 64 and v?
32
Suppose 2*x = -9 + 77. Let q be (13/4 - -1)*4. Calculate the highest common factor of q and x.
17
Let x = 0 - -5. Suppose 4*k = 3*k + x. Let b(j) = -j**2 + 85*j + 847. Let d be b(-9). What is the highest common divisor of d and k?
1
Let i = -74 + 111. Let w be (-2)/10 - (-672)/10. Let z = w - i. What is the highest common divisor of z and 12?
6
Suppose 6*u - 95 = u. Suppose 0 = -5*y - 5*h + 85, -2*y + y + 22 = 2*h. Let o be (114/y)/((-2)/(-4)). Calculate the greatest common divisor of u and o.
19
Suppose 20*r = 29*r - 315. What is the greatest common divisor of r and 105?
35
Let b be (-6)/(-15) + (-414)/10. Let u be 2 + -3 - (b - 0). Calculate the highest common factor of 10 and u.
10
Suppose -4*o - f = -1180, 0 = 5*f + 24 - 4. Calculate the greatest common factor of o and 8.
8
Let r(t) = t - 17. Let a be r(15). Let x(s) = 5*s**2 + s + 2. Let b be x(a). Let l = 55 + b. Calculate the greatest common factor of l and 30.
15
Let x be (-4)/14 - 116/(-14). Suppose -2 = u - x. Let w = u - -85. What is the greatest common factor of w and 13?
13
Suppose 4*y + 1002 = 8*y + 3*b, -3*y + 754 = b. Calculate the greatest common factor of 72 and y.
36
Let t(c) = -123*c**3 - c**2 + 3*c + 6. Let a be t(-2). Suppose 21*n - 28*n = -a. Calculate the greatest common divisor of 20 and n.
20
Let s(l) = l**2 + 26*l + 55. Let d be s(-24). Let m(r) = 3*r**2 - 19*r - 4. Let j be m(d). What is the highest common divisor of 5 and j?
5
Suppose 2*w = 11 + 61. Suppose y - 4 + 2 = 0. Suppose y*k - 4*k = -8. What is the highest common factor of k and w?
4
Let g = -3 + 3. Suppose 0 = -d - g*d + 18. Let u(x) = 27*x + 66. Let b be u(-2). Calculate the greatest common factor of d and b.
6
Suppose -38 - 170 = -4*n. Suppose a + 5*d - 36 = 0, 2*a = -0*d - d + 54. What is the highest common factor of n and a?
26
Let u = 2035 + -1931. What is the greatest common factor of 136 and u?
8
Let r = -28 + 46. Calculate the greatest common divisor of 18 and r.
18
Let r = 2 - 1. Let a be (16/6)/(r/15). Let v be (10/(-8))/((-3)/12). Calculate the highest common divisor of v and a.
5
Let m(n) = -n**3 - 29*n**2 - 57*n - 54. Let p be m(-27). Suppose -2*w - 12 - 14 = 0. Let k = p + w. Calculate the greatest common divisor of 84 and k.
14
Let a(c) = 3*c**2 - 7*c + 6. Let b be a(6). Let m be 16*(-77)/(-44) - 10. What is the highest common divisor of b and m?
18
Let d(u) = u**3 + 16*u**2 - 18*u + 8. Let q be d(-17)